the greatest common divisor of r and q.
3
Let a be (1 + (-6)/4)*-30. Suppose -o - 3*b + 5*b = -a, o = -4*b + 3. What is the highest common factor of o and 11?
11
Suppose -f + 3*f + 190 = 5*c, -2*c + 3*f = -65. Calculate the highest common divisor of 8 and c.
8
Let c = 16 - -4. Suppose 0 = -4*f + 64 + c. Let m = 15 - 1. What is the greatest common factor of m and f?
7
Let l(z) = 6*z**2 + z + 1. Let g be l(3). Let h = -34 + g. Calculate the greatest common factor of h and 12.
12
Let p be (24/(-18))/((-2)/90). Calculate the greatest common factor of p and 24.
12
Suppose -n - 3 = 3*y - 137, -3*y + 146 = -2*n. Let t = y - 28. What is the greatest common divisor of t and 6?
6
Suppose 0 = 10*w - 9*w - 8. What is the highest common factor of w and 40?
8
Let f(i) = 3*i**2 + 24*i + 15. Let h be f(-10). Calculate the greatest common factor of h and 30.
15
Let f = 335 + -60. Calculate the greatest common factor of 25 and f.
25
Suppose -4*y + 6 = -10. Suppose -y*q + 5*q = 1. What is the highest common factor of q and 1?
1
Suppose 3*v + 2*a - 38 = 0, 2*v + 4*a = -2*v + 44. What is the highest common factor of v and 16?
16
Suppose 21 - 5 = i. Suppose -4*k = -12, 3*p + 5*k - 59 = -11. Suppose 0 = 4*n + 4*q - 92, -60 + p = -2*n + q. Calculate the greatest common divisor of n and i.
8
Let g(y) = 13*y**2 + 2*y - 2. Let s be g(-2). What is the greatest common divisor of 23 and s?
23
Suppose 2*s - q - 72 = 0, -5 + 161 = 4*s + 4*q. What is the highest common factor of s and 148?
37
Let p(k) = 360*k**2 + 1. Let h be p(1). Suppose 3*a - 1354 = -h. Let l = a + -214. What is the greatest common factor of 13 and l?
13
Suppose 4 = -2*q + 6*q. Let p = 4 - 1. Let w = p - 2. Calculate the greatest common factor of w and q.
1
Let o be (-200)/(-2)*6*3/45. What is the highest common factor of o and 24?
8
Let p = 3 - 2. Let q be 7/(13/(-14) + p). Calculate the highest common divisor of 14 and q.
14
Let v be (-258)/(-10) - (-7 - 170/(-25)). Let i = 142 + -77. What is the highest common factor of i and v?
13
Suppose 0 = -j - a - 124, -a + 0*a = 5. Let l = -53 - j. Calculate the greatest common factor of 44 and l.
22
Suppose 3*c = -p + 18, -4*p - 2*c + 72 = -c. What is the highest common divisor of 12 and p?
6
Let b(r) = r + 16. Let l be b(-12). Suppose -l*h - 4*t = -404, -h - 2*h - 2*t + 301 = 0. What is the greatest common factor of h and 11?
11
Let y = 11 - 7. Suppose -j - j = -2, y*q + 5*j = 77. Calculate the highest common factor of 198 and q.
18
Let d be 3 + (2 - 2) + 1. Suppose 0 = d*q - 72. Suppose -2*o + q = 4*p, 19 = 2*p - 5*o - 8. What is the greatest common divisor of p and 18?
6
Suppose 3*o - v = 7*o + 99, -98 = 3*o - 4*v. Let y be (-2)/6 + o/(-6). Let t = -314 - -334. What is the greatest common divisor of y and t?
4
Suppose -7*t - 385 = -12*t. Let d be ((-1)/2)/(1/(-14)). What is the highest common divisor of t and d?
7
Let k(l) be the second derivative of -l**3/6 - 13*l**2/2 + 7*l. Let d be k(-16). Calculate the highest common divisor of d and 3.
3
Let v(c) = -c + 4. Let q be v(2). Suppose 56 = -f + q*f. Suppose 8 = 2*p + 2*b, -3*p + 8 = -4*b - 25. What is the highest common divisor of p and f?
7
Suppose -2 = 2*f + w, -w = w. Let k be 5/(15/114) - f. Calculate the greatest common divisor of k and 13.
13
Let q = 53 - 29. Suppose 0*r - 3*r + 9 = 0. What is the highest common divisor of q and r?
3
Let z(t) = -10*t + 4. Let y be z(-6). Suppose y = -0*u + u. What is the highest common factor of 8 and u?
8
Suppose -5*p = 2*d - 81, -5*p - 3*d + 23 + 61 = 0. Calculate the highest common divisor of 10 and p.
5
Let x be (1 - -4)*(2 + -1). Let p(y) = y**2 - 3*y - 5. Let l be p(x). Suppose 35 = 3*r + 5*o, r - l*o = -2 - 13. What is the highest common factor of 45 and r?
5
Suppose -2*b + 4*b = -114. Let a = -30 - b. What is the highest common divisor of 297 and a?
27
Suppose -461 + 86 = -5*g. What is the highest common factor of g and 5?
5
Let q be (2/(-4))/((-3)/84). Suppose -31 = -3*u + q. What is the highest common divisor of 5 and u?
5
Suppose -m - 7 = -j, 4*j + 2*m = -0*j + 34. Let y be (-7 - -10)/((-1)/(-24)). What is the highest common factor of j and y?
8
Suppose 3*v + 5 = 20. Suppose 4*u = v*u + 4*w - 30, 4*u - 35 = w. What is the greatest common factor of 15 and u?
5
Let a be 0 + 0 - 15/(-5). Let p be -2 + ((-9)/a - -33). What is the highest common divisor of 70 and p?
14
Let r = 34 - 16. Let h be 4/(-14) + 764/28. Calculate the highest common divisor of r and h.
9
Let s be (1/(-3))/((-1)/21). Calculate the greatest common factor of 77 and s.
7
Let q(g) be the first derivative of g**2/2 - g - 18. Let s be 2/4*3*2. Let h be q(s). What is the greatest common factor of 2 and h?
2
Suppose -4*o - 3*d + d + 436 = 0, -4 = -2*d. Calculate the highest common factor of 12 and o.
12
Let s(t) = -t**3 - 8*t**2 + 7*t - 13. Let u be s(-9). Calculate the highest common divisor of 5 and u.
5
Suppose a - n - 6 = 0, 4*n + 8 = 4*a - 8*a. What is the highest common divisor of 22 and a?
2
Let c(s) = s**2 + 7*s + 6. Let p be c(-8). What is the highest common divisor of p and 154?
14
Suppose -c + 19 = -1. Calculate the greatest common divisor of 4 and c.
4
Let w be ((-242)/4)/(2/(-4)). What is the greatest common factor of w and 11?
11
Let d(y) = -2*y - 5. Suppose 2*n - 3 + 13 = 0. Let h be d(n). Suppose -6*t + h*f = -4*t - 27, 0 = -2*f - 2. What is the greatest common factor of t and 88?
11
Suppose -3*t + 3*n = -48, 3*t - 5*t = n - 26. Calculate the highest common factor of t and 70.
14
Suppose z + 4 - 14 = 0. Suppose -13 + 81 = 4*g. Let j = 8 + g. What is the highest common divisor of j and z?
5
Suppose -v - 12 = -5*v. Let a be (v - 1)/((-4)/(-126)). Calculate the highest common divisor of a and 9.
9
Suppose -6 = 2*b, 0 = -8*p + 5*p - b + 102. What is the greatest common divisor of p and 35?
35
Let s be (-4)/(-10)*5*2. Let r be 12 + 2/s*4. What is the greatest common factor of 7 and r?
7
Let x = -2 + 5. Let n be (-4 - 2)/x + 44. What is the greatest common divisor of n and 28?
14
Let f(p) = -3*p + 0*p - 3*p. Let b be f(-1). Let o(u) = -u**2 - 2*u + 6. Let d be o(0). Calculate the greatest common factor of d and b.
6
Suppose 5*t - 12*t + 14 = 0. Let j(q) be the first derivative of -q**2/2 + 4*q + 1. Let l be j(-6). Calculate the highest common divisor of t and l.
2
Let x be ((-3)/2)/((-1)/2). Suppose 0 = i + x - 15. Calculate the highest common factor of i and 132.
12
Suppose -6 = -n + 3*z, -2*z + 44 = n + n. What is the greatest common factor of 42 and n?
6
Let c(v) = v**2 + 16*v - 2. Let a be c(-17). What is the highest common divisor of 15 and a?
15
Let p be (10*1)/((-1)/(-1)). Let r be (-1)/((2 - 5)/300). Calculate the highest common factor of r and p.
10
Let d(z) = -z**3 - 6*z**2 + 2*z - 13. Let c be d(-7). Calculate the highest common divisor of 55 and c.
11
Suppose 3*z = -z + 4. Let d = 31 + -24. Calculate the highest common divisor of d and z.
1
Let b(t) = 2*t**2 - 2*t + 9. Let g(n) = 2*n**2 - 2*n + 9. Let y(u) = -6*b(u) + 7*g(u). Let s be y(9). What is the greatest common divisor of s and 17?
17
Let h be (2/6 - 0)*21. Let z be h/28 - (-419)/4. Suppose -75 = -5*s - 0*s. What is the highest common factor of s and z?
15
Let w = -10 - -13. Suppose -4 = -w*p - 1, 4*p + 68 = 3*a. What is the greatest common factor of 3 and a?
3
Suppose -c + q = -5, 0*q - 12 = 4*q. Suppose 2*w = -c*w + 32. Suppose v + 20 = 2*k, -w*v = -k - 4*v + 10. What is the highest common factor of 90 and k?
10
Suppose -2*s = -4*s + 40. Let l be -2*(-24)/(-3)*-10. What is the highest common divisor of s and l?
20
Let r = 3 + 2. Suppose r*h - 65 = -3*l, -3*h + 7*h - 5*l = 89. Calculate the highest common factor of h and 176.
16
Let m(d) = 16*d + 6 - 2 + 39*d + d. Let v(s) = s. Let t(r) = -m(r) + v(r). Let j be t(-3). What is the greatest common factor of j and 23?
23
Suppose -j - 191 = -3*m - 26, -5*m - 4*j = -292. What is the greatest common divisor of 8 and m?
8
Suppose 4*o - 216 = -4*w, -3*w - 114 = -5*w + o. What is the greatest common divisor of 14 and w?
14
Let l = 16 + -6. Calculate the highest common factor of l and 70.
10
Suppose -25 = -4*r - 1. Let x = 8 + r. Let p be (-18)/(-81) + 374/18. Calculate the highest common divisor of x and p.
7
Let j(h) = 3*h - 13. Let r be j(6). Calculate the highest common 